- 6) + 1?
2
What is (10 - (-1 - -2)) + -4 + 0?
5
Calculate 2 + -1 + 8 + (-3 - -4).
10
22 + -10 + -20 - -4
-4
Evaluate (3 + -5 - -3) + (14 - 7).
8
What is 0 + -1 + -1 + -1?
-3
Calculate (-8 - -11) + (1 - (3 - 0)).
1
Evaluate -6 - (-19 + 21 + (2 - 4)).
-6
What is the value of -2 + 9 + -3 + -8?
-4
Calculate (-2 + -1 - -2) + (2 - 5).
-4
What is the value of (2 + -6 - -3) + (-4 - -7)?
2
What is 0 + -8 + (6 - -6)?
4
What is 6 + -2 + -1 + -1 + 3?
5
Evaluate (4 - (-11 + 7)) + (-3 - 2).
3
What is the value of 3 + (-1 - (-1 + 3))?
0
Calculate 0 + 0 - ((-11 - -1) + 6).
4
What is 5 + 1 + (-17 - -8)?
-3
(-7 - -1) + (-8 - -15) + 4
5
Evaluate 0 + 4 - (0 - (-2 - 0)).
2
What is -2 + 2 + (-9 - -12) + -2?
1
What is 0 + -1 + 3 + 14 + -10?
6
What is the value of (2 - -2) + (3 - 4) + 1?
4
Calculate -3 - (1 - -4) - -8.
0
Calculate 0 - (-3 - (-5 + 4 + -1)).
1
What is the value of (8 - 1) + -20 + 7?
-6
What is (0 - 7) + 12 + 0?
5
What is (3 - (0 - -3)) + 2 - 2?
0
(10 - (11 + -1)) + -1 + 1
0
What is 1 + (7 - (-8 - -13))?
3
What is the value of 11 + 0 + (1 - 8)?
4
Calculate (4 - (12 + -18)) + -2.
8
7 - 12 - 0 - -2
-3
What is the value of -7 + 1 - (-61 + 63)?
-8
What is (0 - 5) + (5 - (-12 - -5))?
7
What is the value of 0 + 0 + (4 - 0) + -1?
3
What is (1 - -3) + -2 + -1 + 1?
2
(-219 - -208) + 12 + 0
1
Evaluate -2 - (2 - (9 + -4 - 1)).
0
(-1 - -8) + -1 + (9 - 5)
10
What is the value of 6 - (8 - (8 - 11))?
-5
What is -5 + (10 - (6 - (-5 - -7)))?
1
What is the value of -4 - (4 + -2 - 4) - 2?
-4
What is 0 + -1 - (-9 + 3 - -3)?
2
Calculate -4 + 0 + (8 - 5 - 3).
-4
Evaluate 9 + -4 - -1 - 4.
2
What is the value of -1 + -1 + -1 + (-5 - -4)?
-4
Calculate (-3 - (-6 - -9) - -2) + 4.
0
8 + 4 + -7 - 3
2
Calculate -4 + (4 - -2) - 0.
2
0 - -4 - (1 - (4 - 3))
4
(14 - 4) + 39 + -38
11
(5 - 7) + 1 - (-6 + 1)
4
8 + -4 + (2 - 4)
2
Calculate 2 + -1 - (2 + 1) - -5.
3
12 - (20 - 11) - (-3 - -2)
4
-11 + 1 + (4 + 1 - 0)
-5
What is 9 + -11 + 1 + -2?
-3
What is the value of -1 - (1 + (-2 - -4))?
-4
(2 - -2) + 5 + -11
-2
Evaluate 5 - 2 - (2 - 1).
2
-9 + 16 + 8 - 19
-4
What is the value of (3 - -5) + 0 + -12?
-4
Evaluate 6 + (-6 - (2 - -3)).
-5
(5 - 6 - -7) + -9
-3
1 + (-3 - -3) + -2
-1
Calculate 0 + -4 + 3 + 2 + 3.
4
Calculate 6 + -6 - -4 - (0 + 6).
-2
-11 + 12 + -2 + 6 + -6
-1
Evaluate 2 + 7 + -1 + -16.
-8
4 - (0 - -6) - 3
-5
What is the value of (-3 - -6) + -4 - -1?
0
Evaluate 5 - (-3 - -4) - 3.
1
(183 - 189) + (1 - (0 + -1))
-4
What is -11 + 7 + (2 - 3 - -1)?
-4
What is 3 + (1 - 9) + 12?
7
What is (29 - 16) + -9 + 2?
6
Evaluate (1 - -10) + (2 - (6 - 0)).
7
Evaluate (0 - -12) + (-24 - (20 - 41)).
9
What is the value of -3 + -2 + 3 + 6 + -2?
2
What is -2 - (-3 + 2 - -3)?
-4
What is -1 - (3 + -3) - (1 + -4)?
2
What is the value of -2 + 7 + 3 + -13 + 5?
0
4 + (-1 - (2 + -1))
2
What is (-1 - 3) + 22 + -13?
5
Calculate 16 + -23 - (0 - 2).
-5
Evaluate 0 - 1 - (-20 - -23).
-4
Evaluate -2 - (7 + 6 + -13).
-2
What is 0 + 6 + (3 + -1 - 5)?
3
Calculate 6 + -1 + -12 - -1.
-6
What is the value of -6 + (5 + 0 - 3) + -1?
-5
(-21 - -15) + 2 + 2
-2
(-11 - -3) + 6 - (1 - 4)
1
What is the value of 1 + -5 + -81 + 79?
-6
What is 48 + -51 + 1 + 5 + -4?
-1
Calculate 6 + 1 + (2 - 3).
6
Calculate -14 + (9 - -4) - -11.
10
Evaluate -11 + 18 - -4 - 13.
-2
What is the value of -4 + (-3 - -1) - (23 + -27)?
-2
What is the value of (6 - (1 - 1)) + (2 - 6)?
2
1 + 1 - 2 - (-23 - -21)
2
-2 + 0 + -3 + 2
-3
Evaluate 12 + -10 + -5 + -4.
-7
Evaluate 9 - (-7 + 2 - -7).
7
Calculate (-13 - -9) + 7 + 0.
3
What is the value of -2 - 1 - (7 - 12)?
2
What is 0 + (-1 - (-1 + -3) - 5)?
-2
4 - (-4 + (-6 - -18)) - -7
3
What is the value of (1 - (-8 + 5)) + -1 - 3?
0
What is 1 + 3 + (1 - 5)?
0
What is 4 + (1 + 0 - 0)?
5
What is the value of -4 + (1 - 3 - (-15 + 11))?
-2
What is (1 - (-3 + 4) - 0) + 2?
2
Evaluate -1 - (-23 + 23 + (2 - 0)).
-3
Evaluate 3 + (-11 - -6 - -1).
-1
2 - 3 - ((-4 - -6) + 0)
-3
Evaluate -1 + (6 - (1 + 0 + 7)).
-3
Evaluate (-4 - -13 - 15) + 10.
4
Calculate 2 + 0 + 4 + -6 + 4.
4
-29 + 24 - (-1 + -5)
1
Calculate -1 - (1 + 5) - (4 + -7).
-4
What is the value of -1 + 1 + (2 - 3)?
-1
What is the value of (-9 - (0 - 21)) + -5?
7
Calculate 1 + -6 + 3 + -2.
-4
What is the value of 13 - 11 - (1 + -2 + 1)?
2
Evaluate 6 + 0 + 10 + (13 - 25).
4
-6 - (-1 - 6) - -3
4
Calculate 6 + -8 - (0 - (0 + -1)).
-3
What is -4 - ((-1 - 13) + 57 + -51)?
4
What is 2 - -3 - (-9 - (-6 - 3))?
5
What is -3 - (-7 - (-8 + -9)) - -8?
-5
Calculate 3 + (-6 - 0) + -1.
-4
What is the value of (1 - -1) + -6 + 5?
1
What is the value of (-3 - 1) + 19 + -9?
6
Evaluate -3 - 13 - (-33 - -24).
-7
0 + 3 + -7 + 7
3
What is the value of -6 - (-1 + -7) - 3?
-1
Calculate -9 + 0 + (-7 - (-17 - -8)).
-7
What is 1 + (1 + (-5 - -4) - 2)?
-1
1 - (10 - (-1 - 0))
-10
What is 3 + (1 - 4) + -2?
-2
Calculate (-3 - 4) + -3 + (0 - -7).
-3
What is -2 + -2 + 0 + 3?
-1
What is 0 + (-3 - 5) + 0?
-8
Evaluate -6 + 4 - (6 + -8).
0
-1 + -4 + -2 + 3
-4
Evaluate (-6 - -8 - 6) + 0 + -3.
-7
Calculate -8 + (-8 - (-3 + 1) - -10).
-4
What is 6 - 2 - 8 - -8?
4
What is -2 + (-4 - (-8 - -2))?
0
(1 - 2) + (-6 - -3)
-4
-1 + (-5 - -1) + 3 - 4
-6
What is the value of (-2 - (0 - 0)) + -2 + -1?
-5
What is the value of (0 - 0) + -2 - 0 - -3?
1
What is the value of 0 + 4 + (-2 - 0)?
2
-8 - (7 + -7 + -9)
1
What is -2 - (3 - 9 - (-6 + 2))?
0
What is the value of (1 - -1 - -1) + 0 + -3?
0
0 - (3 - 9) - -2
8
Evaluate -10 - -4 - -6 - 4.
-4
2 + -1 - (-3 + 13 + -7)
-2
9 - (-6 + (8 - -1))
6
Calculate 6 - (5 - (-2 - 1)).
-2
What is (-3 - 1) + (10 - 1)?
5
0 - 0 - 1 - (11 - 9)
-3
Calculate -1 + 0 - (9 + -4 + -2).
-4
Calculate -2 + (-1 - (5 + -5)) - 0.
-3
What is -13 - (2 - 2 - (-3 + 9))?
-7
What is the value of -5 + 10 + (-2 - (-1 + -1))?
5
(-4 - -9) + 0 - 3
2
Evaluate -9 + 7 + -13 + 9.
-6
What is the value of -3 + 1 + 1 + 3 + -5?
-3
Evaluate -19 - -13 - (-1 - 1).
-4
-1 - (-9 + 3 - 0)
5
What is the value of 1 - (-13 - -3 - -5) - -2?
8
What is the value of 0 + 5 + (1 - 1)?
5
What is the value of -8 + 13 + (4 - 2 - 5)?
2
10 - -2 - (-6 - -8)
10
Evaluate 4 - (-2 + 2 + 3).
1
Calculate (4 - (2 - (-2 + 1))) + 0.
1
(-3 - (-2 + 7 - 4)) + 0
-4
Evaluate 1 + (0 - 0) - 0 - -2.
3
Evaluate 8 + -9 - (0 + 2).
-3
What is the value of 3 + (1 - 5) + 1?
0
(-20 - -7) + 16 - (-3 - -1)
5
Calculate (-5 - -9 - 0) + -6.
-2
What is the value of 10 + (-1 - 13) + 5?
1
What is -10 + 4 + 14 - 7 - -6?
7
(-3 - -7) + (1 - (1 - 0))
4
Calculate (3 - 7) + -7 + 5 - -4.
-2
What is the value of (-2 + -2 - -3) + 1?
0
Calculate (3 - 1) + (0 + 2 - 4).
0
What is -7 - ((-1 - -3) + (30 - 31))?
-8
What is the value of 3 - (-2 + 8 + -7)?
4
Calculate -1 + -4 + 7 - 4 - -1.
-1
What is -7 + 0 - (-11 + -8 + 16)?
-4
6 - (2 + (-1 - -6))
-1
Evaluate 1 + 0 + -23 + 19.
-3
Calculate -8 - (-22 + 8 - 1 - -8).
-1
Calculate 0 + 2 + 1 + -7 + -1.
-5
Evaluate (-3 - -10) + -10 - (1 - 2).
-2
What is -1 + 1 - (-38 - -37)?
1
5 + (4 - (5 - 0))
4
Calculate 1 - 3 - (2 + 1).
-5
(0 - (-8 - -4)) + -4
0
Calculate 2 + 0 - 2 - (-5 + 6).
-1
Evaluate -3 + (-6 - (13 + -22)).
0
Calculate 4 + -6 + -2 - (3 - 5).
-2
Calculate (9 - 11) + 4 + -1.
1
What is 8 + -5 + 2 - 0?
5
What is (3 - (2 + -4)) + 0 - 2?
3
What is (0 - 3) + (1 - (1 - 1))?
-2
Calculate 2 + 0 - (9 + -7).
0
Evaluate -7 + 22 + -6 + -15 + 1.
-5
Evaluate (-2 - 1) + 1 + (5 - 10).
-7
1 + -5 + 7 - (2 + 1)
0
3 + (-2 - 4) - -1
-2
(-6 - -5) + -3 + 9
5
What is 6 + (-11 - 8) - -11?
-2
Evaluate -3 + -5 - -14 - 0 - -2.
8
What is 17 + (4 - -4) + -18?
7
What is 5 + 6 + -7 + -5?
-1
Calculate -5 - (2 + -2 + 0).
-5
Calculate -68 - -76 - (16 - 2).
-6
What is the value of 1 + (-3 - -3) + 0 + 3?
4
8 + (-3 - 6) + (1 - 4)
-4
5 + 0 + (9 - 13) + -4
-3
Evaluate 0 + 2 + (-2 - (-3 - -1)).
2
What is the value of 10 - 5 - ((-2 - -1) + 2)?
4
What is the value of 13 + (4 - 10) + -1?
6
Calculate (-13 - -19) + 0 + -2.
4
Calculate -1 + 5 + (4 - -2) + -4.
6
What is the value of 8 + (-2 - (1 + 11))?
-6
Calculate (1 - (-2 - 2)) + -2 + -4.
-1
4 + 0 - (4 + (-10 - -10))
0
(7 - (5 - -3 - 3)) + 3
5
What is 5 - ((-6 - -6) + 5 + -4)?
4
-7 + (10 - 12 - -6)
-3
What is the value of 0 + -4 + 4 + 0 - -3?
3
-7 + -10 + 10 - (2 + -4)
-5
Evaluate -1 - (2 - (1 - 7 - -16)).
7
Calculate 2 - (-1 - -1) - (2 + 0).
0
What is the value of (-11 - (2 - 6)) + 4 - -5?
2
Calculate -13 + 0 - -14 - (-2 - -1).